lse
Is 4987 a composite number?
False
Is 112369 prime?
False
Is 141481 composite?
False
Is 3849 prime?
False
Is 137311 prime?
False
Is 9199 composite?
False
Is 1815043 a prime number?
True
Is 7669 a composite number?
False
Is 25273 a composite number?
True
Is 773783 a composite number?
True
Is 3271 prime?
True
Is 5461 prime?
False
Is 472163 a prime number?
True
Is 989 prime?
False
Is 129491 prime?
True
Is 541 a composite number?
False
Is 637933 prime?
True
Is 18859 prime?
True
Is 5261 prime?
True
Is 8483 a composite number?
True
Is 9313 prime?
False
Is 5821 a prime number?
True
Is 1735 a prime number?
False
Is 8261 prime?
False
Is 6619 prime?
True
Is 124079 a prime number?
False
Is 493873 a composite number?
False
Is 450379 a composite number?
True
Is 3163 prime?
True
Is 5389 a prime number?
False
Is 91759 a composite number?
True
Is 6043 a composite number?
False
Is 6421 a composite number?
False
Is 96863 a prime number?
False
Is 2231 a composite number?
True
Is 7921 prime?
False
Is 162343 composite?
False
Is 265399 prime?
True
Is 91691 composite?
False
Is 188943 prime?
False
Is 12133 composite?
True
Is 76819 composite?
False
Is 65451 composite?
True
Is 407279 prime?
False
Is 11758 a composite number?
True
Is 19651 a composite number?
True
Is 4783 a composite number?
False
Is 736241 prime?
False
Is 806921 composite?
True
Is 78823 a prime number?
True
Is 312713 prime?
False
Is 7009 a prime number?
False
Is 39791 composite?
False
Is 9983 composite?
True
Is 34081 a prime number?
False
Is 529849 a composite number?
True
Is 131 a composite number?
False
Is 59845 a composite number?
True
Is 46649 a composite number?
False
Is 87335 a composite number?
True
Is 2231 prime?
False
Is 461143 composite?
False
Is 62367 a composite number?
True
Is 18353 composite?
False
Is 456163 composite?
True
Is 163037 prime?
False
Is 2798 composite?
True
Is 245567 a composite number?
True
Is 85597 prime?
True
Is 31039 composite?
False
Is 37211 composite?
True
Is 4421 composite?
False
Is 571511 a composite number?
True
Is 697553 prime?
True
Is 7501 a composite number?
True
Is 7601 a prime number?
False
Is 237257 composite?
False
Is 16787 prime?
True
Is 30611 prime?
False
Is 15783 prime?
False
Is 65613 composite?
True
Is 6173 composite?
False
Is 11603 a prime number?
False
Is 8513 composite?
False
Is 319811 a prime number?
True
Is 4373 composite?
False
Is 427 prime?
False
Is 8419 composite?
False
Is 1601 a prime number?
True
Is 279047 a prime number?
True
Is 29957 prime?
False
Is 635 composite?
True
Is 67973 a composite number?
True
Is 228481 a composite number?
True
Is 181087 a prime number?
True
Is 58783 a composite number?
True
Is 27941 a prime number?
True
Is 104579 prime?
True
Is 521113 a composite number?
True
Is 10717 a composite number?
True
Is 601397 prime?
True
Is 104537 a composite number?
False
Is 5545 composite?
True
Is 859 composite?
False
Is 12187 a prime number?
False
Is 11311 prime?
True
Is 234083 prime?
True
Is 41729 a prime number?
True
Is 3409 a composite number?
True
Is 6805 composite?
True
Is 524857 prime?
True
Is 270523 composite?
True
Is 1035541 prime?
False
Is 457999 prime?
False
Is 3427 a prime number?
False
Is 92674 a prime number?
False
Is 2376793 prime?
True
Is 33973 a prime number?
False
Is 6439 prime?
False
Is 49027 prime?
False
Is 19847 a composite number?
True
Is 212627 a composite number?
False
Is 944369 a composite number?
False
Is 42169 composite?
False
Is 170627 composite?
False
Is 40087 prime?
True
Is 43181 prime?
False
Is 2203 composite?
False
Is 1306157 prime?
True
Is 207289 a prime number?
False
Is 528223 a composite number?
False
Is 12695 a prime number?
False
Is 21433 a prime number?
True
Is 32003 composite?
False
Is 3583529 a prime number?
True
Is 141761 prime?
True
Is 204713 a composite number?
True
Is 58673 composite?
True
Is 59467 prime?
True
Is 214631 a prime number?
True
Is 53503 prime?
True
Is 769577 a composite number?
False
Is 13043 prime?
True
Is 5399 a composite number?
False
Is 91121 a composite number?
False
Is 337121 a composite number?
False
Is 86263 composite?
False
Is 10331 prime?
True
Is 2842617 a prime number?
False
Is 30209 composite?
True
Is 116771 prime?
False
Is 39469 a composite number?
True
Is 17257 a prime number?
True
Is 12197 composite?
False
Is 44047 a composite number?
True
Is 1460201 a prime number?
False
Is 283319 prime?
False
Is 18701 a prime number?
True
Is 181709 composite?
True
Is 487933 prime?
True
Is 18021 a composite number?
True
Is 2151451 a prime number?
True
Is 29629 a composite number?
False
Is 92747 a composite number?
True
Is 2544949 composite?
True
Is 384719 a composite number?
False
Is 79747 a prime number?
False
Is 169307 a composite number?
False
Is 312007 a composite number?
False
Is 4971 prime?
False
Is 702267 a composite number?
True
Is 35031 prime?
False
Is 3455 a composite number?
True
Is 10399 prime?
True
Is 175697 composite?
True
Is 114967 a composite number?
False
Is 293 prime?
True
Is 6469 a prime number?
True
Is 837181 a prime number?
False
Is 73813 prime?
False
Is 9901 a prime number?
True
Is 66067 prime?
True
Is 9083 a composite number?
True
Is 803027 prime?
True
Is 1006377 a composite number?
True
Is 2901649 a prime number?
True
Is 909917 a composite number?
False
Is 21971 a prime number?
False
Is 325667 prime?
True
Is 31 a composite number?
False
Is 1538 a prime number?
False
Is 195485 a composite number?
True
Is 11351 composite?
False
Is 9431 a composite number?
False
Is 57457 composite?
False
Is 3217 a composite number?
False
Is 36479 prime?
True
Is 2333 a composite number?
False
Is 15629 prime?
True
Is 16141 a composite number?
False
Is 8207 composite?
True
Is 18497 prime?
False
Is 10154 a composite number?
True
Is 113966 composite?
True
Is 851 a composite number?
True
Is 134257 a composite number?
False
Is 25219 a composite number?
False
Is 1236701 prime?
True
Is 17249 a composite number?
True
Is 4912447 a prime number?
True
Is 988721 a composite number?
True
Is 10537 a composite number?
True
Is 222823 prime?
True
Is 23753 prime?
True
Is 199567 a composite number?
False
Is 1286546 a composite number?
True
Is 14971 prime?
False
Is 16871 prime?
True
Is 5993 composite?
True
Is 1438 composite?
True
Is 53017 prime?
True
Is 8561 a prime number?
False
Is 58319 prime?
False
Is 6433 a composite number?
True
Is 1417397 composite?
True
Is 799 a composite number?
True
Is 303749 composite?
False
Is 12097 prime?
True
Is 232681 composite?
False
Is 64234 composite?
True
Is 160507 prime?
True
Is 5257 prime?
False
Is 1862213 a composite number?
False
Is 279221 composite?
False
Is 2921 prime?
False
Is 2863 a prime number?
False
Is 4677 prime?
False
Is 51571 a prime number?
False
Is 9005 prime?
False
Is 1579 prime?
True
Is 18119 a composite number?
False
Is 832253 a composite number?
False
Is 1698745 a prime number?
False
Is 10123 a prime number?
False
Is 1815163 a prime number?
False
Is 772019 composite?
False
Is 1151 prime?
True
Is 702407 composite?
False
Is 862649 prime?
True
Is 21531 composite?
True
Is 1040263 a composite number?
True
Is 57467 a prime number?
True
Is 2723 composite?
True
Is 322646 a composite number?
True
Is 571091 a prime number?
False
Is 32647 prime?
True
Is 266443 composite?
True
Is 405371 a composite number?
True
Is 101267 prime?
True
Is 402145 a composite number?
True
Is 1423 composite?
False
Is 4747 prime?
False
Is 50117 composite?
True
Is 15185 a prime number?
False
Is 27427 a composite number?
False
Is 1560391 a composite number?
True
Is 35971 composite?
True
Is 6688573 a composite number?
False
Is 28643 prime?
True
Is 18371 composite?
False
Is 34449 a composite number?
True
Is 14451 a composite number?
True
Is 2521217 composite?
True
Is 31435 prime?
False
Is 5509 prime?
False
Is 3587 a composite number?
True
Is 82157 a prime number?
False
Is 6887 prime?
False
Is 404101 prime?
False
Is 2767 prime?
True
Is 3239 a composite number?
True
Is 2246 a composite number?
True
Is 1282933 composite?
False
Is 60769 prime?
False
Is 406631 a prime number?
True
Is 271627 prime?
False
Is 39683 composite?
True
Is 103693 prime?
False
Is 56081 a prime number?
True
Is 29119 composite?
True
Is 8962 a composite number?
True
Is 8641 a composite number?
False
Is 3937 a comp